{"id":34724,"date":"2022-02-25T11:14:50","date_gmt":"2022-02-25T11:14:50","guid":{"rendered":"https:\/\/www.smartbox.com\/es\/blog\/?page_id=34724"},"modified":"2022-03-02T08:10:03","modified_gmt":"2022-03-02T08:10:03","slug":"concurso-dia-del-padre","status":"publish","type":"page","link":"https:\/\/www.smartbox.com\/es\/blog\/concurso-dia-del-padre\/","title":{"rendered":"Concurso D\u00eda del Padre"},"content":{"rendered":"","protected":false},"excerpt":{"rendered":"","protected":false},"author":21,"featured_media":0,"parent":0,"menu_order":0,"comment_status":"closed","ping_status":"closed","template":"templates\/page-landing.php","meta":{"_acf_changed":false,"footnotes":""},"class_list":["post-34724","page","type-page","status-publish","hentry"],"acf":[],"yoast_head":"<!-- This site is optimized with the Yoast SEO Premium plugin v20.8 (Yoast SEO v27.4) - https:\/\/yoast.com\/product\/yoast-seo-premium-wordpress\/ -->\n<title>Concurso D\u00eda del Padre: \u00a1gana una Smartbox! | Blog Smartbox<\/title>\n<meta name=\"description\" content=\"\u00bfQui\u00e9res hacer feliz a tu padre por su d\u00eda? Participa en el concurso del D\u00eda del Padre de Smartbox y gana una caja regalo especial para \u00e9l. \u00a1Descubre c\u00f3mo!\" \/>\n<meta name=\"robots\" content=\"noindex, nofollow\" \/>\n<meta property=\"og:locale\" content=\"es_ES\" \/>\n<meta property=\"og:type\" content=\"article\" \/>\n<meta property=\"og:title\" content=\"Concurso D\u00eda del Padre: \u00a1gana una Smartbox! | Blog Smartbox\" \/>\n<meta property=\"og:description\" content=\"\u00bfQui\u00e9res hacer feliz a tu padre por su d\u00eda? Participa en el concurso del D\u00eda del Padre de Smartbox y gana una caja regalo especial para \u00e9l. \u00a1Descubre c\u00f3mo!\" \/>\n<meta property=\"og:url\" content=\"https:\/\/www.smartbox.com\/es\/blog\/concurso-dia-del-padre\/\" \/>\n<meta property=\"og:site_name\" content=\"Espa\u00f1a\" \/>\n<meta property=\"article:modified_time\" content=\"2022-03-02T08:10:03+00:00\" \/>\n<meta name=\"twitter:card\" content=\"summary_large_image\" \/>\n<script type=\"application\/ld+json\" class=\"yoast-schema-graph\">{\"@context\":\"https:\\\/\\\/schema.org\",\"@graph\":[{\"@type\":\"WebPage\",\"@id\":\"https:\\\/\\\/www.smartbox.com\\\/es\\\/blog\\\/concurso-dia-del-padre\\\/\",\"url\":\"https:\\\/\\\/www.smartbox.com\\\/es\\\/blog\\\/concurso-dia-del-padre\\\/\",\"name\":\"Concurso D\u00eda del Padre: \u00a1gana una Smartbox! | Blog Smartbox\",\"isPartOf\":{\"@id\":\"https:\\\/\\\/www.smartbox.com\\\/es\\\/blog\\\/#website\"},\"datePublished\":\"2022-02-25T11:14:50+00:00\",\"dateModified\":\"2022-03-02T08:10:03+00:00\",\"description\":\"\u00bfQui\u00e9res hacer feliz a tu padre por su d\u00eda? Participa en el concurso del D\u00eda del Padre de Smartbox y gana una caja regalo especial para \u00e9l. \u00a1Descubre c\u00f3mo!\",\"inLanguage\":\"es\",\"potentialAction\":[{\"@type\":\"ReadAction\",\"target\":[\"https:\\\/\\\/www.smartbox.com\\\/es\\\/blog\\\/concurso-dia-del-padre\\\/\"]}]},{\"@type\":\"WebSite\",\"@id\":\"https:\\\/\\\/www.smartbox.com\\\/es\\\/blog\\\/#website\",\"url\":\"https:\\\/\\\/www.smartbox.com\\\/es\\\/blog\\\/\",\"name\":\"Espa\u00f1a\",\"description\":\"\",\"publisher\":{\"@id\":\"https:\\\/\\\/www.smartbox.com\\\/es\\\/blog\\\/#organization\"},\"potentialAction\":[{\"@type\":\"SearchAction\",\"target\":{\"@type\":\"EntryPoint\",\"urlTemplate\":\"https:\\\/\\\/www.smartbox.com\\\/es\\\/blog\\\/?s={search_term_string}\"},\"query-input\":{\"@type\":\"PropertyValueSpecification\",\"valueRequired\":true,\"valueName\":\"search_term_string\"}}],\"inLanguage\":\"es\"},{\"@type\":\"Organization\",\"@id\":\"https:\\\/\\\/www.smartbox.com\\\/es\\\/blog\\\/#organization\",\"name\":\"Smartbox\",\"url\":\"https:\\\/\\\/www.smartbox.com\\\/es\\\/blog\\\/\",\"logo\":{\"@type\":\"ImageObject\",\"inLanguage\":\"es\",\"@id\":\"https:\\\/\\\/www.smartbox.com\\\/es\\\/blog\\\/#\\\/schema\\\/logo\\\/image\\\/\",\"url\":\"https:\\\/\\\/digital.sbxtest.net\\\/es\\\/blog\\\/wp-content\\\/uploads\\\/2022\\\/04\\\/LOGO-GROUPE_BLOG_ESP.svg\",\"contentUrl\":\"https:\\\/\\\/digital.sbxtest.net\\\/es\\\/blog\\\/wp-content\\\/uploads\\\/2022\\\/04\\\/LOGO-GROUPE_BLOG_ESP.svg\",\"width\":1,\"height\":1,\"caption\":\"Smartbox\"},\"image\":{\"@id\":\"https:\\\/\\\/www.smartbox.com\\\/es\\\/blog\\\/#\\\/schema\\\/logo\\\/image\\\/\"}}]}<\/script>\n<!-- \/ Yoast SEO Premium plugin. -->","yoast_head_json":{"title":"Concurso D\u00eda del Padre: \u00a1gana una Smartbox! | Blog Smartbox","description":"\u00bfQui\u00e9res hacer feliz a tu padre por su d\u00eda? Participa en el concurso del D\u00eda del Padre de Smartbox y gana una caja regalo especial para \u00e9l. \u00a1Descubre c\u00f3mo!","robots":{"index":"noindex","follow":"nofollow"},"og_locale":"es_ES","og_type":"article","og_title":"Concurso D\u00eda del Padre: \u00a1gana una Smartbox! | Blog Smartbox","og_description":"\u00bfQui\u00e9res hacer feliz a tu padre por su d\u00eda? Participa en el concurso del D\u00eda del Padre de Smartbox y gana una caja regalo especial para \u00e9l. \u00a1Descubre c\u00f3mo!","og_url":"https:\/\/www.smartbox.com\/es\/blog\/concurso-dia-del-padre\/","og_site_name":"Espa\u00f1a","article_modified_time":"2022-03-02T08:10:03+00:00","twitter_card":"summary_large_image","schema":{"@context":"https:\/\/schema.org","@graph":[{"@type":"WebPage","@id":"https:\/\/www.smartbox.com\/es\/blog\/concurso-dia-del-padre\/","url":"https:\/\/www.smartbox.com\/es\/blog\/concurso-dia-del-padre\/","name":"Concurso D\u00eda del Padre: \u00a1gana una Smartbox! | Blog Smartbox","isPartOf":{"@id":"https:\/\/www.smartbox.com\/es\/blog\/#website"},"datePublished":"2022-02-25T11:14:50+00:00","dateModified":"2022-03-02T08:10:03+00:00","description":"\u00bfQui\u00e9res hacer feliz a tu padre por su d\u00eda? Participa en el concurso del D\u00eda del Padre de Smartbox y gana una caja regalo especial para \u00e9l. \u00a1Descubre c\u00f3mo!","inLanguage":"es","potentialAction":[{"@type":"ReadAction","target":["https:\/\/www.smartbox.com\/es\/blog\/concurso-dia-del-padre\/"]}]},{"@type":"WebSite","@id":"https:\/\/www.smartbox.com\/es\/blog\/#website","url":"https:\/\/www.smartbox.com\/es\/blog\/","name":"Espa\u00f1a","description":"","publisher":{"@id":"https:\/\/www.smartbox.com\/es\/blog\/#organization"},"potentialAction":[{"@type":"SearchAction","target":{"@type":"EntryPoint","urlTemplate":"https:\/\/www.smartbox.com\/es\/blog\/?s={search_term_string}"},"query-input":{"@type":"PropertyValueSpecification","valueRequired":true,"valueName":"search_term_string"}}],"inLanguage":"es"},{"@type":"Organization","@id":"https:\/\/www.smartbox.com\/es\/blog\/#organization","name":"Smartbox","url":"https:\/\/www.smartbox.com\/es\/blog\/","logo":{"@type":"ImageObject","inLanguage":"es","@id":"https:\/\/www.smartbox.com\/es\/blog\/#\/schema\/logo\/image\/","url":"https:\/\/digital.sbxtest.net\/es\/blog\/wp-content\/uploads\/2022\/04\/LOGO-GROUPE_BLOG_ESP.svg","contentUrl":"https:\/\/digital.sbxtest.net\/es\/blog\/wp-content\/uploads\/2022\/04\/LOGO-GROUPE_BLOG_ESP.svg","width":1,"height":1,"caption":"Smartbox"},"image":{"@id":"https:\/\/www.smartbox.com\/es\/blog\/#\/schema\/logo\/image\/"}}]}},"_links":{"self":[{"href":"https:\/\/www.smartbox.com\/es\/blog\/wp-json\/wp\/v2\/pages\/34724","targetHints":{"allow":["GET"]}}],"collection":[{"href":"https:\/\/www.smartbox.com\/es\/blog\/wp-json\/wp\/v2\/pages"}],"about":[{"href":"https:\/\/www.smartbox.com\/es\/blog\/wp-json\/wp\/v2\/types\/page"}],"author":[{"embeddable":true,"href":"https:\/\/www.smartbox.com\/es\/blog\/wp-json\/wp\/v2\/users\/21"}],"replies":[{"embeddable":true,"href":"https:\/\/www.smartbox.com\/es\/blog\/wp-json\/wp\/v2\/comments?post=34724"}],"version-history":[{"count":4,"href":"https:\/\/www.smartbox.com\/es\/blog\/wp-json\/wp\/v2\/pages\/34724\/revisions"}],"predecessor-version":[{"id":35825,"href":"https:\/\/www.smartbox.com\/es\/blog\/wp-json\/wp\/v2\/pages\/34724\/revisions\/35825"}],"wp:attachment":[{"href":"https:\/\/www.smartbox.com\/es\/blog\/wp-json\/wp\/v2\/media?parent=34724"}],"curies":[{"name":"wp","href":"https:\/\/api.w.org\/{rel}","templated":true}]}}